{"id":778,"date":"2014-09-12T08:23:07","date_gmt":"2014-09-12T08:23:07","guid":{"rendered":"http:\/\/www.perupesquero.org\/?page_id=778"},"modified":"2016-11-15T19:29:15","modified_gmt":"2016-11-16T00:29:15","slug":"directorio","status":"publish","type":"page","link":"http:\/\/www.perupesquero.org\/web\/directorio\/","title":{"rendered":"Directorio"},"content":{"rendered":"<p>[vc_row][vc_column][vc_column_text]<img decoding=\"async\" class=\"aligncenter size-full wp-image-11577\" src=\"http:\/\/www.perupesquero.org\/web\/wp-content\/uploads\/2014\/09\/banner-directorio-small.jpg\" alt=\"banner-directorio-small\" width=\"100%\" srcset=\"http:\/\/www.perupesquero.org\/web\/wp-content\/uploads\/2014\/09\/banner-directorio-small.jpg 900w, http:\/\/www.perupesquero.org\/web\/wp-content\/uploads\/2014\/09\/banner-directorio-small-300x47.jpg 300w, http:\/\/www.perupesquero.org\/web\/wp-content\/uploads\/2014\/09\/banner-directorio-small-768x119.jpg 768w, http:\/\/www.perupesquero.org\/web\/wp-content\/uploads\/2014\/09\/banner-directorio-small-600x93.jpg 600w\" sizes=\"(max-width: 900px) 100vw, 900px\" \/>[\/vc_column_text][\/vc_column][\/vc_row][vc_row][vc_column][vc_tta_accordion][vc_tta_section i_icon_fontawesome=&#8221;fa fa-folder-open&#8221; title=&#8221;Directora General&#8221; tab_id=&#8221;directora&#8221; add_icon=&#8221;true&#8221;][vc_column_text]<img loading=\"lazy\" decoding=\"async\" class=\"aligncenter size-full wp-image-11576\" src=\"http:\/\/www.perupesquero.org\/web\/wp-content\/uploads\/2014\/09\/rocio-vasquez-directorio.jpg\" alt=\"rocio-vasquez-directorio\" width=\"200\" height=\"257\" \/>[\/vc_column_text][\/vc_tta_section][vc_tta_section i_icon_fontawesome=&#8221;fa fa-check&#8221; title=&#8221;Editor&#8221; tab_id=&#8221;editor&#8221; add_icon=&#8221;true&#8221;][vc_column_text]Dr. LUIS ALBERTO VILCHEZ LARA<br \/>\nUniversidad Naciona Federico Villareal[\/vc_column_text][\/vc_tta_section][vc_tta_section i_icon_fontawesome=&#8221;fa fa-check&#8221; title=&#8221;Asesor Legal&#8221; tab_id=&#8221;Asesor-Legal&#8221; add_icon=&#8221;true&#8221;][vc_column_text]Dr. Ferm\u00edn Angulo[\/vc_column_text][\/vc_tta_section][vc_tta_section i_icon_fontawesome=&#8221;fa fa-check&#8221; title=&#8221;Asesor Financiero&#8221; tab_id=&#8221;Asesor-Financiero&#8221; add_icon=&#8221;true&#8221;][vc_column_text]Dr. Ricardo Godoy[\/vc_column_text][\/vc_tta_section][vc_tta_section i_icon_fontawesome=&#8221;fa fa-check&#8221; title=&#8221;Asistente de Edici\u00f3n&#8221; tab_id=&#8221;Asistente-de-Edicion&#8221; add_icon=&#8221;true&#8221;][vc_column_text]Genesis Salda\u00f1a V\u00e1squez[\/vc_column_text][\/vc_tta_section][vc_tta_section i_icon_fontawesome=&#8221;fa fa-check&#8221; title=&#8221;Corresponsal en Argentina&#8221; tab_id=&#8221;Corresponsal-en-Argentina&#8221; add_icon=&#8221;true&#8221;][vc_column_text]Margot Laurencio Vega[\/vc_column_text][\/vc_tta_section][\/vc_tta_accordion][\/vc_column][\/vc_row][vc_row][vc_column][vc_separator border_width=&#8221;2&#8243;][\/vc_column][\/vc_row][vc_row][vc_column][vc_tta_tour][vc_tta_section i_icon_fontawesome=&#8221;fa fa-mobile&#8221; title=&#8221;Movil&#8221; tab_id=&#8221;telefono&#8221; add_icon=&#8221;true&#8221;][vc_column_text]<\/p>\n<h3>Entel: 981073493<\/h3>\n<h3><\/h3>\n<p>[\/vc_column_text][\/vc_tta_section][vc_tta_section i_icon_fontawesome=&#8221;fa fa-briefcase&#8221; title=&#8221;Experiencia Laboral&#8221; tab_id=&#8221;experiencia-laboral&#8221; add_icon=&#8221;true&#8221;][vc_column_text]<\/p>\n<h3><strong>Experiencia Laboral1:<\/strong><\/h3>\n<ul>\n<li><strong>Empresa:<\/strong>\u00a0Promotora El Dorado S.A<\/li>\n<li><strong>Actividad:\u00a0<\/strong>Diario Ultimas Noticias<\/li>\n<li><strong>Funciones:<\/strong>\u00a0Periodista en el Departamento de Redacci\u00f3n<\/li>\n<li><strong>Duraci\u00f3n:\u00a0<\/strong>01 de agosto de 1994 al 07 de enero del 2000<\/li>\n<\/ul>\n<h3><\/h3>\n<h3><strong>Experiencia Laboral2:<\/strong><\/h3>\n<ul>\n<li><strong>Empresa:<\/strong>\u00a0Diario Las Ultimas Noticias<\/li>\n<li><strong>Actividad:<\/strong> Noticias<\/li>\n<li><strong>Funciones:<\/strong>\u00a0Jefe del Departamento de Investigaci\u00f3n Period\u00edstica<\/li>\n<li><strong>Duraci\u00f3n:\u00a0<\/strong>26 de julio 2000 al 26 de febrero del 2003<\/li>\n<\/ul>\n<p>&nbsp;<\/p>\n<h3><strong>Empresa period\u00edstica independiente:<\/strong><\/h3>\n<ul>\n<li><strong>Actividad:\u00a0<\/strong>Mensuario<\/li>\n<li><strong>Funciones:<\/strong>\u00a0Investigando Contra La Corrupci\u00f3n Medio de Comunicaci\u00f3n Especializado en PescaDirectora<\/li>\n<li><strong>Duraci\u00f3n:\u00a0<\/strong>02 de junio 2003 a enero 2012<\/li>\n<li><strong>Portal:<\/strong>\u00a0www.perupesquero.pe<\/li>\n<\/ul>\n<p>&nbsp;<\/p>\n<h3><strong>Empresa:<\/strong><\/h3>\n<ul>\n<li>Actividad: Mensuario Especializado en Pesca PERUPESQUERO<\/li>\n<li>Funciones:\u00a0Medio de Comunicaci\u00f3n de Circulaci\u00f3n Nacional<\/li>\n<li>Duraci\u00f3n:\u00a0Directora, marzo 2012 hasta la actualidad<\/li>\n<li>Portal: www.perupesquero.org<\/li>\n<\/ul>\n<p>[\/vc_column_text][\/vc_tta_section][vc_tta_section i_icon_fontawesome=&#8221;fa fa-info-circle&#8221; title=&#8221;Informaci\u00f3n&#8221; tab_id=&#8221;informacion&#8221; add_icon=&#8221;true&#8221;][vc_column_text]<\/p>\n<p style=\"text-align: justify;\">Elaboraci\u00f3n de trabajos period\u00edsticos para la unidad de investigaci\u00f3n del Diario Correo<\/p>\n<p>[\/vc_column_text][\/vc_tta_section][\/vc_tta_tour][\/vc_column][\/vc_row]<\/p>\n","protected":false},"excerpt":{"rendered":"<p>[vc_row][vc_column][vc_column_text][\/vc_column_text][\/vc_column][\/vc_row][vc_row][vc_column][vc_tta_accordion][vc_tta_section i_icon_fontawesome=&#8221;fa fa-folder-open&#8221; title=&#8221;Directora General&#8221; tab_id=&#8221;directora&#8221; add_icon=&#8221;true&#8221;][vc_column_text][\/vc_column_text][\/vc_tta_section][vc_tta_section i_icon_fontawesome=&#8221;fa fa-check&#8221; title=&#8221;Editor&#8221; tab_id=&#8221;editor&#8221; add_icon=&#8221;true&#8221;][vc_column_text]Dr. LUIS ALBERTO VILCHEZ LARA Universidad Naciona Federico Villareal[\/vc_column_text][\/vc_tta_section][vc_tta_section i_icon_fontawesome=&#8221;fa fa-check&#8221; title=&#8221;Asesor Legal&#8221; tab_id=&#8221;Asesor-Legal&#8221; add_icon=&#8221;true&#8221;][vc_column_text]Dr. Ferm\u00edn Angulo[\/vc_column_text][\/vc_tta_section][vc_tta_section i_icon_fontawesome=&#8221;fa fa-check&#8221; title=&#8221;Asesor Financiero&#8221; tab_id=&#8221;Asesor-Financiero&#8221; add_icon=&#8221;true&#8221;][vc_column_text]Dr. Ricardo Godoy[\/vc_column_text][\/vc_tta_section][vc_tta_section i_icon_fontawesome=&#8221;fa fa-check&#8221; title=&#8221;Asistente de Edici\u00f3n&#8221; tab_id=&#8221;Asistente-de-Edicion&#8221; add_icon=&#8221;true&#8221;][vc_column_text]Genesis Salda\u00f1a V\u00e1squez[\/vc_column_text][\/vc_tta_section][vc_tta_section i_icon_fontawesome=&#8221;fa fa-check&#8221; title=&#8221;Corresponsal en Argentina&#8221; tab_id=&#8221;Corresponsal-en-Argentina&#8221; add_icon=&#8221;true&#8221;][vc_column_text]Margot Laurencio Vega[\/vc_column_text][\/vc_tta_section][\/vc_tta_accordion][\/vc_column][\/vc_row][vc_row][vc_column][vc_separator border_width=&#8221;2&#8243;][\/vc_column][\/vc_row][vc_row][vc_column][vc_tta_tour][vc_tta_section [&hellip;]<\/p>\n","protected":false},"author":1,"featured_media":11577,"parent":0,"menu_order":0,"comment_status":"closed","ping_status":"open","template":"visual-temlpate.php","meta":{"footnotes":""},"class_list":["post-778","page","type-page","status-publish","has-post-thumbnail","hentry"],"_links":{"self":[{"href":"http:\/\/www.perupesquero.org\/web\/wp-json\/wp\/v2\/pages\/778","targetHints":{"allow":["GET"]}}],"collection":[{"href":"http:\/\/www.perupesquero.org\/web\/wp-json\/wp\/v2\/pages"}],"about":[{"href":"http:\/\/www.perupesquero.org\/web\/wp-json\/wp\/v2\/types\/page"}],"author":[{"embeddable":true,"href":"http:\/\/www.perupesquero.org\/web\/wp-json\/wp\/v2\/users\/1"}],"replies":[{"embeddable":true,"href":"http:\/\/www.perupesquero.org\/web\/wp-json\/wp\/v2\/comments?post=778"}],"version-history":[{"count":13,"href":"http:\/\/www.perupesquero.org\/web\/wp-json\/wp\/v2\/pages\/778\/revisions"}],"predecessor-version":[{"id":11586,"href":"http:\/\/www.perupesquero.org\/web\/wp-json\/wp\/v2\/pages\/778\/revisions\/11586"}],"wp:featuredmedia":[{"embeddable":true,"href":"http:\/\/www.perupesquero.org\/web\/wp-json\/wp\/v2\/media\/11577"}],"wp:attachment":[{"href":"http:\/\/www.perupesquero.org\/web\/wp-json\/wp\/v2\/media?parent=778"}],"curies":[{"name":"wp","href":"https:\/\/api.w.org\/{rel}","templated":true}]}}