{"id":15903,"date":"2019-02-01T08:42:47","date_gmt":"2019-02-01T13:42:47","guid":{"rendered":"http:\/\/www.perupesquero.org\/web\/?page_id=15903"},"modified":"2019-02-01T09:24:50","modified_gmt":"2019-02-01T14:24:50","slug":"somos","status":"publish","type":"page","link":"http:\/\/www.perupesquero.org\/web\/somos\/","title":{"rendered":"SOMOS"},"content":{"rendered":"<p>[vc_row][vc_column width=&#8221;2\/3&#8243;][vc_column_text]<\/p>\n<p style=\"text-align: justify;\">PER\u00da PESQUERO revista de presentaci\u00f3n impresa y digital\u00a0(www.perupesquero.org) Somos el \u00fanico medio de comunicaci\u00f3n\u00a0especializado en pesca en el Per\u00fa. Empez\u00f3 su labor en el 2004, como\u00a0INVESTIGADO CONTRA LA CORRUPCI\u00d3N. En el 2008 se convierte en\u00a0PERUPESQUERO.<\/p>\n<p style=\"text-align: justify;\">PER\u00daPESQUERO es financiada a trav\u00e9s de avisaje publicitario.\u00a0En nuestra edici\u00f3n web las noticias son traducidas a varios idiomas. La edici\u00f3n\u00a0web est\u00e1 adecuada a un sistema digital de manera que se puede visualizar en cualquier soporte digital.<\/p>\n<p style=\"text-align: justify;\">PERP\u00daPESQUERO est\u00e1 ubicado en Chimbote, Regi\u00f3n Ancash. Su\u00a0distribuci\u00f3n impresa llega a todo el litoral pesquero.<\/p>\n<p>[\/vc_column_text][vc_empty_space][vc_custom_heading text=&#8221;\u00c9TICA&#8221;][vc_column_text]<\/p>\n<p style=\"text-align: justify;\">Contamos con pol\u00edticas de trabajo que permiten mantener una direccionalidad para lograr los objetivos de PER\u00daPESQUERO.<\/p>\n<p>[\/vc_column_text][vc_empty_space][vc_custom_heading text=&#8221;RESPONSABILIDAD:&#8221;][vc_column_text]<\/p>\n<p style=\"text-align: justify;\">La labor period\u00edstica es desarrollada con independencia sin manipulaci\u00f3n gubernamental ni empresarial.<\/p>\n<p style=\"text-align: justify;\">La informaci\u00f3n es recogida sin excepci\u00f3n de todos los actores del sector (empresas, trabajadores, pescadores y universidades), que despu\u00e9s de un an\u00e1lisis ser\u00e1 transmitida la poblaci\u00f3n.<\/p>\n<p style=\"text-align: justify;\">Se verificar in situ las denuncias y sobre todo los hechos siempre en aras de la verdad.<\/p>\n<p>[\/vc_column_text][\/vc_column][vc_column width=&#8221;1\/3&#8243;][vc_row_inner][vc_column_inner][vc_custom_heading text=&#8221;MISI\u00d3N&#8221;][vc_separator][vc_column_text]<\/p>\n<p style=\"text-align: justify;\">Es un medio de comunicaci\u00f3n que tiene implementado una cultura de protecci\u00f3n de los recursos pesqueros del Per\u00fa, mediante una adecuada informaci\u00f3n a la poblaci\u00f3n, la misma que es contrastada con la asesor\u00eda cient\u00edfica de expertos pesqueros.<\/p>\n<p>[\/vc_column_text][\/vc_column_inner][\/vc_row_inner][vc_separator][vc_row_inner][vc_column_inner][vc_custom_heading text=&#8221;VISI\u00d3N&#8221;][vc_separator][vc_column_text]<\/p>\n<p style=\"text-align: justify;\">Ser un medio de comunicaci\u00f3n l\u00edder, cuyos contenidos period\u00edsticos sean referente principal en el sector pesquero.<\/p>\n<p>[\/vc_column_text][\/vc_column_inner][\/vc_row_inner][\/vc_column][\/vc_row]<\/p>\n","protected":false},"excerpt":{"rendered":"<p>[vc_row][vc_column width=&#8221;2\/3&#8243;][vc_column_text] PER\u00da PESQUERO revista de presentaci\u00f3n impresa y digital\u00a0(www.perupesquero.org) Somos el \u00fanico medio de comunicaci\u00f3n\u00a0especializado en pesca en el Per\u00fa. Empez\u00f3 su labor en el 2004, como\u00a0INVESTIGADO CONTRA LA CORRUPCI\u00d3N. En el 2008 se convierte en\u00a0PERUPESQUERO. PER\u00daPESQUERO es financiada a trav\u00e9s de avisaje publicitario.\u00a0En nuestra edici\u00f3n web las noticias son traducidas a varios idiomas. [&hellip;]<\/p>\n","protected":false},"author":1,"featured_media":0,"parent":0,"menu_order":0,"comment_status":"closed","ping_status":"closed","template":"","meta":{"footnotes":""},"class_list":["post-15903","page","type-page","status-publish","hentry"],"_links":{"self":[{"href":"http:\/\/www.perupesquero.org\/web\/wp-json\/wp\/v2\/pages\/15903","targetHints":{"allow":["GET"]}}],"collection":[{"href":"http:\/\/www.perupesquero.org\/web\/wp-json\/wp\/v2\/pages"}],"about":[{"href":"http:\/\/www.perupesquero.org\/web\/wp-json\/wp\/v2\/types\/page"}],"author":[{"embeddable":true,"href":"http:\/\/www.perupesquero.org\/web\/wp-json\/wp\/v2\/users\/1"}],"replies":[{"embeddable":true,"href":"http:\/\/www.perupesquero.org\/web\/wp-json\/wp\/v2\/comments?post=15903"}],"version-history":[{"count":6,"href":"http:\/\/www.perupesquero.org\/web\/wp-json\/wp\/v2\/pages\/15903\/revisions"}],"predecessor-version":[{"id":15910,"href":"http:\/\/www.perupesquero.org\/web\/wp-json\/wp\/v2\/pages\/15903\/revisions\/15910"}],"wp:attachment":[{"href":"http:\/\/www.perupesquero.org\/web\/wp-json\/wp\/v2\/media?parent=15903"}],"curies":[{"name":"wp","href":"https:\/\/api.w.org\/{rel}","templated":true}]}}